(-28). Let v be -1 - ((-32)/10 - (-8)/40). Let n be v/(-3) + c/(-27). Give x(n).
-6
Let k(q) be the first derivative of q**4/4 - 11*q**3/3 + 9*q**2/2 + 13*q - 76. What is k(10)?
3
Let z(n) be the first derivative of n**4/4 - 10*n**3/3 + 11*n**2/2 - 5*n - 90. Calculate z(9).
13
Let v(s) = -s**3 + s**2 + 1. Let j(m) = 6*m**3 - 10*m**2 - 6*m. Let h(c) = j(c) + 5*v(c). Determine h(6).
5
Let b(w) be the first derivative of 2*w**3/3 + 9*w**2/2 - 6*w - 229. Calculate b(-7).
29
Let m(u) be the first derivative of u**4/4 - 7*u**3/3 + 3*u**2 - 7*u - 1. Let z = 210 + -204. Calculate m(z).
-7
Let y = -32 - -10. Let n = y + 20. Let k(j) = 2*j + 4*j**3 - 2*j**2 - 4*j**3 - j**3. Give k(n).
-4
Let n(m) be the first derivative of m**3/3 - 2*m**2 - 12*m + 309. Determine n(-2).
0
Let w(o) be the second derivative of o**4/12 + 5*o**3/6 - 7*o**2 + 20*o + 2. Calculate w(-6).
-8
Let z(i) = -3*i + 4*i - i**3 + 4*i - 7 + 4*i**2. Suppose 7 = -3*q + 4*q. Suppose 5*o = 18 + q. What is z(o)?
-7
Suppose 8*i - 295 - 137 = 0. Suppose 4*d + i = -2*d. Let b(x) = -x**2 - 9*x - 7. What is b(d)?
-7
Let j(o) be the third derivative of o**5/60 + 5*o**4/24 + o**3 + 6*o**2. Suppose 3*k = -3*z + 3, 0 = -3*k + 7*k + 3*z - 5. Suppose -7*m - 25 = -k*m. Give j(m).
6
Suppose 5*c = -13*c - 18. Let n(p) = 5*p**3 - p**2 - 2*p - 1. Calculate n(c).
-5
Let v(z) = -z**3 + z**2 - z - 1. Let i(h) be the first derivative of -3*h**4/4 + h**3 - h**2 - 3*h - 5. Let l(b) = -i(b) + 2*v(b). What is l(1)?
1
Let v(u) = 3*u - 4*u**2 + 2 + 9*u - 16*u + u**3 - 3*u. Determine v(5).
-8
Let k(r) = -r**2 + 5*r - 5. Suppose 69 = 3*f + 6. Let d = 17 - f. Let b be 8 - d*2/(-4). Give k(b).
-11
Let o(i) = 2*i + 3. Let k(j) = -5*j - 5. Let b = 32 - 34. Let r be k(b). Calculate o(r).
13
Suppose 30 = -7*g + 2*g. Let r(x) = 11*x - 5*x - 103 - x**2 - 4*x**2 - 83 - x**3 + 188. Calculate r(g).
2
Let a(v) = -5*v - 40. Let g be a(-7). Let j(d) = -d**2 - 9*d - 18. Calculate j(g).
2
Suppose 0 = -6*f + 5*f. Suppose f*d + d = 8. Suppose -2*v - 3*i - d = 0, -v + 3*i + 7 = -i. Let j(l) = -10*l + 1. Give j(v).
11
Let s(x) = -7*x - 2. Let o = -14 + 3. Let n = -9 - o. Give s(n).
-16
Let c(q) be the second derivative of 1/6*q**3 + 1/2*q**2 + 1/12*q**4 + 0 + 3*q. Give c(-1).
1
Let r(w) = 2*w + 1. Suppose 8*z + 28 = 20. What is r(z)?
-1
Let u(n) be the first derivative of n**4/4 - 2*n**3/3 - n**2 - 3*n - 2. Suppose -7*g - 353 + 374 = 0. Calculate u(g).
0
Let h be (-1)/(-2) + 1 - (-25)/(-50). Let b(i) = -5*i**3 + 2*i**2 - i. Determine b(h).
-4
Let u(n) be the second derivative of n**5/20 + 2*n**4/3 + 13*n**3/6 - n**2/2 - 24*n. Let d be u(-6). Let s(l) = -l**2 - 9*l - 10. Give s(d).
4
Let l be (-4)/18 - 188/(-36). Suppose 11*g = 10*g + l. Let a(s) be the first derivative of -s**3/3 + 5*s**2/2 - 3*s + 24. Give a(g).
-3
Let g(l) = l. Let a(r) = -7*r + 3. Let h(z) = -a(z) - 5*g(z). Let i = -1567 + 1571. Give h(i).
5
Let g be (-1555)/(-25) + ((-4)/10)/2. Let w = g - 71. Let b(i) = -i**3 - 8*i**2 + 11*i + 9. What is b(w)?
-9
Let i(t) = t**2 + 2*t - 7. Let r be (2/6)/(((-35)/45)/7). Determine i(r).
-4
Let h(g) = g**2 + 5*g - 8. Let c be h(-6). Let s(v) be the first derivative of 2*v**2 - 2*v - 15. What is s(c)?
-10
Let k(r) = 26*r**2 + 14*r + 3. Let s(z) = 14*z**2 + 8*z + 2. Let h(o) = -3*k(o) + 5*s(o). Determine h(-2).
-27
Let i(a) be the second derivative of 2*a**3 - 87*a. What is i(-1)?
-12
Let n(h) be the third derivative of -7*h**4/24 + 2*h**3 - 12*h**2 - 1. What is n(10)?
-58
Let r = 381 - 388. Let f(w) = w**3 + 7*w**2 - 7. Determine f(r).
-7
Suppose 12*d - 16 = 8*d. Let i = -1 + d. Let f(q) = -2*q**2 + 3*q**2 - 3*q + 2*q**2 - q**3 - 4. Give f(i).
-13
Let o(s) = -s**3 + 9*s**2 - 11*s + 18. Let t(r) = r**2 - 11*r - 34. Let d be t(14). Let j be o(d). Let g(i) = -i**3 - 6*i**2. Determine g(j).
0
Let m(r) = 44*r**2 + 19*r + 9. Let k(j) = -19*j**2 - 9*j - 5. Let c(g) = -7*k(g) - 3*m(g). Suppose 5*l - h + 28 = l, 5*l + h = -26. Calculate c(l).
8
Let y(z) = 3*z - 1. Let h(u) = 7*u + 1. Let m(q) = 2*h(q) - 5*y(q). Give m(-8).
15
Suppose -5*u + 39*a = 37*a + 35, -2*u + 4*a = 30. Let s(n) = -2*n**2 + n + 4. Determine s(u).
-51
Let y(h) = -4*h - 5. Let w = 50 + -50. Suppose 30 = -w*t - 6*t. Calculate y(t).
15
Let y(g) = g**2 + g + 1. Let v(c) be the third derivative of c**5/10 + 4*c**3/3 - 5*c**2. Let i(b) = -v(b) + 5*y(b). Determine i(5).
-3
Let c(b) = -b**3 + 3*b**2 + 5*b - 1. Let u be c(4). Let y(a) = 4 + 1 - u + a. Let t be 5/((-105)/77) + (-2)/(-3). What is y(t)?
-1
Let s(b) = 2*b**3 - b**3 + 241887*b**2 - 241893*b**2 - 1. Suppose 4*w = 2*n + n - 2, 0 = 2*w - 8. What is s(n)?
-1
Let l(c) = c**2 + 6*c + 4. Let s be 1/2 - (165/2)/11. Let j(o) be the third derivative of o**4/24 + o**3/3 + 3*o**2. Let d be j(s). Determine l(d).
-1
Suppose 2*t + 18 = 6. Let r be (8/3)/(t/9). Let x(f) = -2*f**2 - 2*f + 5. What is x(r)?
-19
Let a(s) = 10*s - 2 - 13*s + 0 + 6*s + 3. Let q(u) = 6*u + 2. Let z = 18 - 27. Let o(f) = z*a(f) + 4*q(f). Give o(-1).
2
Let g(y) be the first derivative of y - 4. Let k(j) = j + 1. Let t(f) = -3*g(f) - k(f). Calculate t(7).
-11
Let u(v) = 3*v - 25. Let x be u(9). Suppose 0 = x*t - 3 + 3. Let c(n) = -n**2 - n + 2. Calculate c(t).
2
Let b = -5 + -10. Let v = b - -18. Let d(c) = -6 + 3 - 3*c**v + 0*c - c + 4. What is d(1)?
-3
Let f(d) be the third derivative of -7/24*d**4 + 0 + 2/3*d**3 + 1/60*d**5 - 3*d**2 + 0*d. Let p be (576/(-112) + 6)/((-1)/(-7)). Determine f(p).
-2
Let q(y) = -2 + 31*y - 6*y - 8*y + 1 - 16*y. Give q(7).
6
Let c(u) = 3*u. Let n(o) = o**2 + 4*o - 1. Suppose -4*v = -l + 20, -4*v + 0*l - 20 = 2*l. Let q be n(v). Suppose d + q*d - 5 = 0. What is c(d)?
3
Let z be ((-19)/190)/(12/(-10)). Let i(l) be the second derivative of -1/6*l**3 - z*l**4 + 2*l + 5/2*l**2 + 0. Give i(-4).
-7
Let x(t) = -t**2 - 5*t + 2. Let r(u) = -u. Let w(f) = 2*r(f) + x(f). Let o be w(-7). Let d(y) = 2*y - 5*y**2 + y + y**3 + 3*y - o - y. What is d(4)?
2
Let o(c) = c. Let u(h) = 2*h + 10. Let j(n) = -o(n) - u(n). Let f = 8887 - 8891. Give j(f).
2
Let v(n) = n**2 - n - 1. Let l = -460 - -460. Give v(l).
-1
Let y(p) = -51*p**2 + 25*p**2 + 31*p**2 + 2*p + 5 + p**3 + 0*p. Calculate y(-5).
-5
Let m(z) = z**3 - 13*z**2 + 9*z + 6. Let j = 1048 - 1036. What is m(j)?
-30
Let n(t) = t**3 - 2*t**2 + 3*t. Let q = 138 - 136. Give n(q).
6
Let r(v) = v**3 - 22*v**2 + 22*v - 6. Suppose -50 = -2*c + 2*k, 17*c - 12*c = k + 109. Calculate r(c).
15
Suppose -79 = 5*t - 69. Let z(x) = -7*x - 1. Give z(t).
13
Let n be (-9)/((-4 - -5) + -4). Let u(m) = -4 - 3*m**2 - n - 37*m**3 + 38*m**3 + 6. Calculate u(3).
-1
Suppose -61*l = -66*l + 20. Let n(i) = 8*i**2 + i + 5. Let u(w) = -w**2 - w - 1. Let j(v) = -n(v) - 6*u(v). Calculate j(l).
-11
Let a(z) = -z - 9. Suppose 0 = -5*y + 134 + 21. Suppose 4*o = 4*r + 40, -2*o = 4*r - 3*o + y. Give a(r).
-2
Suppose 4 - 3 = -2*c - 3*m, -3*c + 5*m - 11 = 0. Let t(p) = -2*p + 2. What is t(c)?
6
Suppose 1426 - 1406 = 4*a. Let l(d) = d**3 - 5*d**2 + 5. What is l(a)?
5
Suppose 0*t - 15 = 5*t. Let l be 0 - (-2)/3*-3. Let o be l + (-9)/t - 3. Let c(d) = d**3 + 3*d**2 + d - 2. Determine c(o).
0
Let b(s) = -7*s - 57. Let t be b(-9). Let r(u) be the third derivative of -1/30*u**5 + 0 - 1/20*u**t - 1/12*u**4 + 0*u - 1/6*u**3 - 5*u**2. What is r(-1)?
5
Let r = 21 + -21. Let j(g) = -2*g**2 + r*g + 0*g**2 - 2*g. Let w(d) = -d**2 - 5*d + 4. Let b be w(-6). Determine j(b).
-4
Suppose 0 = s + 48 - 36. Let j(f) = 2*f**2 + 24*f - 4. Determine j(s).
-4
Let x(w) = w**3 + 7*w**2 + 4*w - 7. Let r = -21 - -15. Let u be x(r). Suppose -2 = -4*s + u*s. Let o(j) = 2*j. Calculate o(s).
-4
Let y(x) = 2*x - 2. Let a(s) = 3*s - 3. Let p(i) = -3*a(i) + 4*y(i). Let k(b) = 7*b + 59. Let n be (-79)/9 + (11/(-9) - -1). Let d be k(n). Give p(d).
5
Let x(i) = -25 - 4*i**2 + 25. Let s be (-16)/10*10/(-4). Suppose -s = -3*g - 1. Determine x(g).
-4
Let j(l) = l**3 + 6*l**2 - 9*l - 5. Let r be j(-7). Let s(a) = -a + 18. Determine s(r).
9
Let m(t) = 21*t - 2 - 12*t - 11*t - 13*t + 0. Determine m(-1).
13
Let p(q) = -q**2 - 3*q + 90. Let g be p(8). Let w(m) = -3 - 2 + 2*m + 3*m + 2. Give w(g).
7
Let r = 16 - 16. Suppose 3*m - 3 - 3 = r. Let c(p) = 3*p**2 - 4*p + 3. What is c(m)?
7
Let y be (-193)/(-7) - (-6)/14. Let b be y/10 + (-5)/(-25). Suppose f = -f + 3*k - 4, 0 = -3*f + b